3
In base 10, what is -5 + -276821102?
-276821107
In base 8, what is -5 + 6214347?
6214342
In base 7, what is 303032024 - 3?
303032021
In base 5, what is -13001 - 23230140?
-23243141
In base 14, what is -485 - -2767?
22c2
In base 5, what is 1031100 - -11042431?
12124031
In base 11, what is -69a - 326a?
-3959
In base 4, what is -1 + 2223212000010?
2223212000003
In base 16, what is 6f3d1e - -3?
6f3d21
In base 4, what is 10132010012 + -1123?
10132002223
In base 9, what is -4 - -2163252?
2163247
In base 14, what is 794977 + 17?
794990
In base 12, what is -40 - -3a9?
369
In base 4, what is 2010 + -2001313?
-1333303
In base 13, what is 50 + 5b630?
5b680
In base 9, what is 5 - 1483072?
-1483066
In base 6, what is 11515 + 4040335?
4052254
In base 6, what is -2 + -2011243252?
-2011243254
In base 9, what is 3 + -226748634?
-226748631
In base 2, what is -1101001100010101001111111 - 10?
-1101001100010101010000001
In base 7, what is 5 + 5553554?
5553562
In base 12, what is -406766 - -12?
-406754
In base 16, what is -73a + b9d6?
b29c
In base 4, what is -100123103202 + -10?
-100123103212
In base 4, what is -320030301 - -310?
-320023331
In base 6, what is -2214024 - 1145?
-2215213
In base 5, what is -10 + -231423343302?
-231423343312
In base 6, what is 10221400 + 15?
10221415
In base 8, what is -55363316 + 0?
-55363316
In base 7, what is -52640116 - -200?
-52636616
In base 15, what is -14d18d0a - 5?
-14d18d10
In base 15, what is -1b - 1b623ea?
-1b62416
In base 10, what is -361377 + -1958?
-363335
In base 11, what is -45a - 37334?
-37793
In base 13, what is -1695ac24 - 4?
-1695ac28
In base 2, what is 10 - 100100000100110010000011?
-100100000100110010000001
In base 11, what is -1095a4210 - 2?
-1095a4212
In base 15, what is 3e76a0 + -13?
3e768c
In base 14, what is -6 - c22b277?
-c22b27d
In base 15, what is -26 - 68d6c?
-68d93
In base 8, what is 1177 - 15616?
-14417
In base 5, what is -33 + 2040331100?
2040331012
In base 8, what is 1 + 20702523?
20702524
In base 4, what is 131 + -11121003?
-11120212
In base 13, what is 42b7b872 - 6?
42b7b869
In base 2, what is 10101100001101111100 - -10100000000?
10101100100001111100
In base 7, what is 434142 + 236?
434411
In base 16, what is 193 + 882?
a15
In base 2, what is -111 + -100101101100110110000001?
-100101101100110110001000
In base 12, what is 493aa - 1967?
47643
In base 15, what is -a + -2c6b?
-2c76
In base 8, what is 132752010 + 3?
132752013
In base 3, what is -10212 + 120212022021?
120212011102
In base 11, what is -23 - -657857?
657834
In base 5, what is 414 - -22422221?
22423140
In base 15, what is -1646eb + 47?
-1646a4
In base 6, what is 2414 + -203101?
-200243
In base 5, what is 11031 - -1003420?
1020001
In base 5, what is -123201003340 - -10?
-123201003330
In base 12, what is 0 + b95930?
b95930
In base 3, what is -1012120111012022 - -11?
-1012120111012011
In base 8, what is 5243066 - -45?
5243133
In base 8, what is -124 + 1323400?
1323254
In base 8, what is -457771 + 123?
-457646
In base 9, what is 47321 + 76?
47407
In base 4, what is -102333320000200 - 0?
-102333320000200
In base 16, what is 97 + 8f5f8?
8f68f
In base 8, what is 3064773347 - 4?
3064773343
In base 3, what is -10012222 - 1011102?
-11101101
In base 11, what is -1490 + -9a?
-157a
In base 13, what is -15658 - -2297?
-13391
In base 7, what is -1134 + 42204?
41040
In base 10, what is 105 + 2184285?
2184390
In base 4, what is 20121132231 - -3?
20121132300
In base 9, what is -235 + -1464450?
-1464685
In base 9, what is -172 - -8822?
8640
In base 6, what is -321253 - 31323?
-353020
In base 5, what is 4130302 - 422?
4124330
In base 4, what is -120 - -1100110212?
1100110032
In base 3, what is -1 + -11210002222202011?
-11210002222202012
In base 6, what is 155053 - -25335?
224432
In base 7, what is -3 - -625645613?
625645610
In base 6, what is 4122103024 - 3?
4122103021
In base 16, what is 23e - 23ad7?
-23899
In base 11, what is -133 - 5a4834?
-5a4967
In base 14, what is -5 - 4554a9?
-4554b0
In base 11, what is -83934 + -170?
-83aa4
In base 11, what is 66265 + -576?
6579a
In base 10, what is 11 + 2214601?
2214612
In base 12, what is -5 - -58063a?
580635
In base 5, what is 133341 + 2211241?
2400132
In base 10, what is -60157 + -143?
-60300
In base 3, what is -22110220021 + -1001211?
-22111222002
In base 7, what is -151144614 - 0?
-151144614
In base 7, what is -450112 + -611?
-451023
In base 14, what is 8d65900 - -1?
8d65901
In base 6, what is 13125252 - 30?
13125222
In base 8, what is -6 - -142051335?
142051327
In base 4, what is 100122103002 + 11?
100122103013
In base 6, what is 35 + -11310342?
-11310303
In base 2, what is 11 - -1010100011010101011000001?
1010100011010101011000100
In base 13, what is 5 + -6bc05cb?
-6bc05c6
In base 10, what is -838351 - 52?
-838403
In base 9, what is 80652 - -4824?
85576
In base 5, what is 10210110301 + 4?
10210110310
In base 7, what is 115434 + -32401?
53033
In base 13, what is -4 + 3379039?
3379035
In base 15, what is 28820 - 39e?
28471
In base 7, what is -20 + 6432505?
6432455
In base 14, what is 0 - 14d4279?
-14d4279
In base 3, what is -11000210 - -11222220?
222010
In base 5, what is -4 - 34034430334?
-34034430343
In base 2, what is -111010101111110110000110 + -1?
-111010101111110110000111
In base 15, what is 35 - -57ec?
5832
In base 16, what is -6 + 49d48?
49d42
In base 15, what is -280dad - -2?
-280dab
In base 10, what is -13953435 - -3?
-13953432
In base 16, what is -12510 - 32?
-12542
In base 15, what is 323 - 1369?
-1046
In base 2, what is -11 + 1000101111000000001100110?
1000101111000000001100011
In base 5, what is -404312301012 - -10?
-404312301002
In base 9, what is 0 - 81152357?
-81152357
In base 4, what is 1332002320 + -2?
1332002312
In base 16, what is 22 - 539d2?
-539b0
In base 3, what is -12201 - 1010111101?
-1010201002
In base 11, what is 2823 - 2994?
-171
In base 10, what is 2 - 85358825?
-85358823
In base 13, what is -aa - 39729?
-39806
In base 15, what is -28c821 + -1c?
-28c83d
In base 8, what is 412254733 + -1?
412254732
In base 16, what is -a4b + 54a?
-501
In base 5, what is 2002 + -4400111?
-4343104
In base 6, what is 4 - -1533540050?
1533540054
In base 8, what is 1045502 + -11?
1045471
In base 8, what is 203 - -144730?
145133
In base 11, what is 15 - -143768?
143782
In base 12, what is -351961 + -3?
-351964
In base 12, what is -a50808 + -8?
-a50814
In base 6, what is -43044 - 45314?
-132402
In base 15, what is -44a8d8 - -4?
-44a8d4
In base 5, what is 23430 + -2440043?
-2411113
In base 12, what is -46a10b6 - -3?
-46a10b3
In base 5, what is 10 + 31044013224?
31044013234
In base 11, what is 120458 - 351?
120107
In base 8, what is 1513256 - 42?
1513214
In base 14, what is 1332944 - -8?
133294c
In base 3, what is -10 + -20000111122?
-20000111202
In base 5, what is -11023041143 + -3?
-11023041201
In base 14, what is 78d1c9 + 2?
78d1cb
In base 8, what is 14 + 7211247?
7211263
In base 6, what is -323033 - -3345?
-315244
In base 8, what is -17407 - -22235?
2626
In base 9, what is 4027030 - -20?
4027050
In base 12, what is 2 + 3227567?
3227569
In base 10, what is -3418346 + 3?
-3418343
In base 6, what is -12204 + -142024?
-154232
In base 2, what is 10110111 - -101101010001110100101?
101101010010001011100
In base 15, what is 94 + 6dda?
6e7e
In base 13, what is -1c - -1a379b?
1a377c
In base 5, what is 224 + 10020432213?
10020432442
In base 14, what is -b53234 - -5?
-b5322d
In base 5, what is -4143420 - -300?
-4143120
In base 10, what is 12 + 813345?
813357
In base 11, what is 45545155 - -3?
45545158
In base 3, what is 111101000 - -1010212?
112111212
In base 2, what is 0 + 10001011011111000001001?
10001011011111000001001
In base 5, what is 211444244 + -10?
211444234
In base 15, what is 30 + -3a519a?
-3a516a
In base 8, what is 174 + 11450?
11644
In base 5, what is 3012111 + -1400?
3010211
In base 10, what is -41382 + 1?
-41381
In base 7, what is 16026 - 1466?
14230
In base 11, what is 0 - -359316a6?
359316a6
In base 16, what is -5 - 2a84a4?
-2a84a9
In base 15, what is 5 + -1dd47eb?
-1dd47e6
In base 7, what is 212 + 6622645?
6623160
In base 2, what is -110011111000010100001100 + -101?
-110011111000010100010001
In base 5, what is -4 + -1231331133?
-1231331142
In base 14, what is 38bda - 1c7?
38a13
In base 3, what